{"id":22,"date":"2025-09-08T17:33:20","date_gmt":"2025-09-08T17:33:20","guid":{"rendered":"https:\/\/smartenergy.srcomunicaciones.net\/?page_id=22"},"modified":"2025-09-19T17:35:04","modified_gmt":"2025-09-19T17:35:04","slug":"home","status":"publish","type":"page","link":"https:\/\/smartenergy.srcomunicaciones.net\/","title":{"rendered":"Home"},"content":{"rendered":"\n\n\t\n\t\t\t<!-- START Slaido 19 REVOLUTION SLIDER 6.5.16 --><p class=\"rs-p-wp-fix\"><\/p>\n\t\t\t<rs-module-wrap id=\"rev_slider_1_1_wrapper\" data-source=\"gallery\" style=\"visibility:hidden;background:transparent;padding:0;margin:0px auto;margin-top:0;margin-bottom:0;\">\n\t\t\t\t<rs-module id=\"rev_slider_1_1\" style=\"\" data-version=\"6.5.16\">\n\t\t\t\t\t<rs-slides>\n\t\t\t\t\t\t<rs-slide style=\"position: absolute;\" data-key=\"rs-1\" data-title=\"Slide\" data-anim=\"d:10;ms:500;f:slidebased;\" data-in=\"o:0;y:(-50%);sx:0.7;sy:0.7;m:true;e:power4.inOut;row:5;\" data-out=\"a:false;\">\n\t\t\t\t\t\t\t<img loading=\"lazy\" decoding=\"async\" src=\"\/\/smartenergy.srcomunicaciones.net\/wp-content\/plugins\/revslider\/public\/assets\/assets\/dummy.png\" alt=\"\" title=\"494529427_1255061466619004_700630915533127311_n (1)\" width=\"1536\" height=\"2048\" class=\"rev-slidebg tp-rs-img rs-lazyload\" data-lazyload=\"\/\/smartenergy.srcomunicaciones.net\/wp-content\/uploads\/2025\/09\/494529427_1255061466619004_700630915533127311_n-1.jpg\" data-bg=\"p:left center;f:contain;\" data-no-retina>\n<!--\n\t\t\t\t\t\t\t--><rs-layer\n\t\t\t\t\t\t\t\tid=\"slider-1-slide-1-layer-1\" \n\t\t\t\t\t\t\t\tclass=\"tp-shape tp-shapewrapper\"\n\t\t\t\t\t\t\t\tdata-type=\"shape\"\n\t\t\t\t\t\t\t\tdata-rsp_ch=\"on\"\n\t\t\t\t\t\t\t\tdata-xy=\"x:r,r,r,c;xo:-494px,-494px,-494px,0;y:m;\"\n\t\t\t\t\t\t\t\tdata-text=\"fw:100,100,100,400;a:inherit;\"\n\t\t\t\t\t\t\t\tdata-dim=\"w:1500px;h:100%;\"\n\t\t\t\t\t\t\t\tdata-frame_0=\"x:-100%;o:1;\"\n\t\t\t\t\t\t\t\tdata-frame_0_mask=\"u:t;\"\n\t\t\t\t\t\t\t\tdata-frame_1=\"st:370;sp:1310;sR:370;\"\n\t\t\t\t\t\t\t\tdata-frame_1_mask=\"u:t;\"\n\t\t\t\t\t\t\t\tdata-frame_999=\"o:0;st:w;sR:7320;\"\n\t\t\t\t\t\t\t\tstyle=\"z-index:5;background-color:#00a1df;\"\n\t\t\t\t\t\t\t> \n\t\t\t\t\t\t\t<\/rs-layer><!--\n\n\t\t\t\t\t\t\t--><rs-layer\n\t\t\t\t\t\t\t\tid=\"slider-1-slide-1-layer-2\" \n\t\t\t\t\t\t\t\tdata-type=\"text\"\n\t\t\t\t\t\t\t\tdata-rsp_ch=\"on\"\n\t\t\t\t\t\t\t\tdata-xy=\"x:l,l,l,c;xo:379px,84px,-116px,0;y:t,t,t,m;yo:176px,201px,251px,-220px;\"\n\t\t\t\t\t\t\t\tdata-text=\"s:121,121,121,70;l:38,38,38,22;fw:700;a:inherit;\"\n\t\t\t\t\t\t\t\tdata-frame_0=\"x:-86px;\"\n\t\t\t\t\t\t\t\tdata-frame_1=\"e:power4.inOut;st:560;sp:1380;sR:560;\"\n\t\t\t\t\t\t\t\tdata-frame_999=\"o:0;st:w;sR:7060;\"\n\t\t\t\t\t\t\t\tstyle=\"z-index:6;font-family:'Poppins';\"\n\t\t\t\t\t\t\t>Smart Energy \n\t\t\t\t\t\t\t<\/rs-layer><!--\n\n\t\t\t\t\t\t\t--><rs-layer\n\t\t\t\t\t\t\t\tid=\"slider-1-slide-1-layer-3\" \n\t\t\t\t\t\t\t\tdata-type=\"text\"\n\t\t\t\t\t\t\t\tdata-color=\"#ffffff||#ffffff||#ffffff||#8c9dff\"\n\t\t\t\t\t\t\t\tdata-rsp_ch=\"on\"\n\t\t\t\t\t\t\t\tdata-xy=\"x:l,l,l,c;xo:394px,91px,-109px,0;yo:265px,255px,305px,195px;\"\n\t\t\t\t\t\t\t\tdata-text=\"s:28,28,28,15;l:32,32,32,22;ls:7,7,7,10px;a:inherit;\"\n\t\t\t\t\t\t\t\tdata-frame_0=\"o:1;\"\n\t\t\t\t\t\t\t\tdata-frame_0_sfx=\"se:blocktoright;\"\n\t\t\t\t\t\t\t\tdata-frame_1=\"e:power4.inOut;st:760;sp:1470;sR:760;\"\n\t\t\t\t\t\t\t\tdata-frame_1_sfx=\"se:blocktoright;\"\n\t\t\t\t\t\t\t\tdata-frame_999=\"o:0;st:w;sR:6770;\"\n\t\t\t\t\t\t\t\tstyle=\"z-index:7;font-family:'Poppins';\"\n\t\t\t\t\t\t\t>Creando nuevos conocimientos \n\t\t\t\t\t\t\t<\/rs-layer><!--\n\n\t\t\t\t\t\t\t--><a\n\t\t\t\t\t\t\t\tid=\"slider-1-slide-1-layer-4\" \n\t\t\t\t\t\t\t\tclass=\"rs-layer rev-btn\"\n\t\t\t\t\t\t\t\thref=\"https:\/\/smartenergy.srcomunicaciones.net\/index.php\/cursos\/\" target=\"_self\"\n\t\t\t\t\t\t\t\tdata-type=\"button\"\n\t\t\t\t\t\t\t\tdata-color=\"#88bdff\"\n\t\t\t\t\t\t\t\tdata-xy=\"x:l,l,l,c;xo:393px,88px,-112px,0;yo:337px,296px,346px,246px;\"\n\t\t\t\t\t\t\t\tdata-text=\"s:17,17,17,12;l:20,20,20,14;ls:1,1,1,1px;fw:700;a:center;\"\n\t\t\t\t\t\t\t\tdata-dim=\"w:245,245,245,170px;h:72,72,72,50px;\"\n\t\t\t\t\t\t\t\tdata-rsp_bd=\"off\"\n\t\t\t\t\t\t\t\tdata-padding=\"t:26,26,26,18;r:22,22,22,15;b:14,14,14,10;l:22,22,22,15;\"\n\t\t\t\t\t\t\t\tdata-border=\"bor:30px,30px,30px,30px;\"\n\t\t\t\t\t\t\t\tdata-frame_0=\"x:-72px;\"\n\t\t\t\t\t\t\t\tdata-frame_1=\"st:1100;sp:1290;sR:1100;\"\n\t\t\t\t\t\t\t\tdata-frame_999=\"o:0;st:w;sR:6610;\"\n\t\t\t\t\t\t\t\tdata-frame_hover=\"c:#88bdff;bgc:#1c81ff;boc:#000;bor:30px,30px,30px,30px;bos:solid;oX:50;oY:50;sp:0;e:none;\"\n\t\t\t\t\t\t\t\tstyle=\"z-index:8;background-color:#1c81ff;font-family:'Montserrat';cursor:pointer;outline:none;box-shadow:none;box-sizing:border-box;-moz-box-sizing:border-box;-webkit-box-sizing:border-box;\"\n\t\t\t\t\t\t\t>CURSOS \n\t\t\t\t\t\t\t<\/a><!--\n\n\t\t\t\t\t\t\t--><rs-layer\n\t\t\t\t\t\t\t\tid=\"slider-1-slide-1-layer-5\" \n\t\t\t\t\t\t\t\tdata-type=\"image\"\n\t\t\t\t\t\t\t\tdata-rsp_ch=\"on\"\n\t\t\t\t\t\t\t\tdata-xy=\"x:l,l,l,c;xo:85px,85px,-115px,0;yo:488px,378px,428px,318px;\"\n\t\t\t\t\t\t\t\tdata-text=\"l:22;a:inherit;\"\n\t\t\t\t\t\t\t\tdata-dim=\"w:400px,400px,400px,393px;h:301px,301px,301px,308px;\"\n\t\t\t\t\t\t\t\tdata-frame_0=\"y:bottom;o:1;\"\n\t\t\t\t\t\t\t\tdata-frame_1=\"st:1360;sp:1240;sR:1360;\"\n\t\t\t\t\t\t\t\tdata-frame_999=\"o:0;st:w;sR:6400;\"\n\t\t\t\t\t\t\t\tstyle=\"z-index:9;\"\n\t\t\t\t\t\t\t><img loading=\"lazy\" decoding=\"async\" src=\"\/\/smartenergy.srcomunicaciones.net\/wp-content\/plugins\/revslider\/public\/assets\/assets\/dummy.png\" alt=\"\" class=\"tp-rs-img rs-lazyload\" width=\"400\" height=\"301\" data-lazyload=\"\/\/smartenergy.srcomunicaciones.net\/wp-content\/uploads\/2025\/09\/smart2.png\" data-no-retina> \n\t\t\t\t\t\t\t<\/rs-layer><!--\n\n\t\t\t\t\t\t\t--><rs-layer\n\t\t\t\t\t\t\t\tid=\"slider-1-slide-1-layer-6\" \n\t\t\t\t\t\t\t\tdata-type=\"image\"\n\t\t\t\t\t\t\t\tdata-rsp_ch=\"on\"\n\t\t\t\t\t\t\t\tdata-xy=\"xo:501px,501px,301px,288px;yo:486px,376px,426px,758px;\"\n\t\t\t\t\t\t\t\tdata-text=\"l:22;a:inherit;\"\n\t\t\t\t\t\t\t\tdata-dim=\"w:['400px','400px','400px','400px'];h:['301px','301px','301px','301px'];\"\n\t\t\t\t\t\t\t\tdata-frame_0=\"y:bottom;o:1;\"\n\t\t\t\t\t\t\t\tdata-frame_1=\"st:1760;sp:1240;sR:1760;\"\n\t\t\t\t\t\t\t\tdata-frame_999=\"o:0;st:w;sR:6000;\"\n\t\t\t\t\t\t\t\tstyle=\"z-index:10;\"\n\t\t\t\t\t\t\t><img loading=\"lazy\" decoding=\"async\" src=\"\/\/smartenergy.srcomunicaciones.net\/wp-content\/plugins\/revslider\/public\/assets\/assets\/dummy.png\" alt=\"\" class=\"tp-rs-img rs-lazyload\" width=\"400\" height=\"301\" data-lazyload=\"\/\/smartenergy.srcomunicaciones.net\/wp-content\/uploads\/2025\/09\/smart3.png\" data-no-retina> \n\t\t\t\t\t\t\t<\/rs-layer><!--\n\n\t\t\t\t\t\t\t--><rs-layer\n\t\t\t\t\t\t\t\tid=\"slider-1-slide-1-layer-7\" \n\t\t\t\t\t\t\t\tdata-type=\"image\"\n\t\t\t\t\t\t\t\tdata-rsp_ch=\"on\"\n\t\t\t\t\t\t\t\tdata-xy=\"xo:918px,917px,717px,715px;yo:487px,377px,427px,744px;\"\n\t\t\t\t\t\t\t\tdata-text=\"l:22;a:inherit;\"\n\t\t\t\t\t\t\t\tdata-dim=\"w:['400px','400px','400px','400px'];h:['301px','301px','301px','301px'];\"\n\t\t\t\t\t\t\t\tdata-frame_0=\"y:bottom;o:1;\"\n\t\t\t\t\t\t\t\tdata-frame_1=\"st:2120;sp:1360;sR:2120;\"\n\t\t\t\t\t\t\t\tdata-frame_999=\"o:0;st:w;sR:5520;\"\n\t\t\t\t\t\t\t\tstyle=\"z-index:11;\"\n\t\t\t\t\t\t\t><img loading=\"lazy\" decoding=\"async\" src=\"\/\/smartenergy.srcomunicaciones.net\/wp-content\/plugins\/revslider\/public\/assets\/assets\/dummy.png\" alt=\"\" class=\"tp-rs-img rs-lazyload\" width=\"400\" height=\"301\" data-lazyload=\"\/\/smartenergy.srcomunicaciones.net\/wp-content\/uploads\/2025\/09\/smart1.png\" data-no-retina> \n\t\t\t\t\t\t\t<\/rs-layer><!--\n-->\t\t\t\t\t\t<\/rs-slide>\n\t\t\t\t\t<\/rs-slides>\n\t\t\t\t<\/rs-module>\n\t\t\t\t<script>\n\t\t\t\t\tsetREVStartSize({c: 'rev_slider_1_1',rl:[1240,1024,778,480],el:[868,768,960,720],gw:[1240,1024,778,480],gh:[868,768,960,720],type:'standard',justify:'',layout:'fullwidth',mh:\"0\"});if (window.RS_MODULES!==undefined && window.RS_MODULES.modules!==undefined && window.RS_MODULES.modules[\"revslider11\"]!==undefined) {window.RS_MODULES.modules[\"revslider11\"].once = false;window.revapi1 = undefined;if (window.RS_MODULES.checkMinimal!==undefined) window.RS_MODULES.checkMinimal()}\n\t\t\t\t<\/script>\n\t\t\t<\/rs-module-wrap>\n\t\t\t<!-- END REVOLUTION SLIDER -->\n\n<h2  id=\"nosotros\">\n\t\t\t\u00bfPor qu\u00e9 Smart Energy?\t<\/h2>\n\t\t\t<img decoding=\"async\" loading=\"false\" src=\"https:\/\/smartenergy.srcomunicaciones.net\/wp-content\/uploads\/2025\/09\/Smart1.jpg\" alt=\"\" \/>\t\t\t\n\t\t\t<img decoding=\"async\" loading=\"false\" src=\"https:\/\/smartenergy.srcomunicaciones.net\/wp-content\/uploads\/2025\/09\/carr5-80.jpg\" alt=\"\" \/>\t\t\t\n\t\t\t<img decoding=\"async\" loading=\"false\" src=\"https:\/\/smartenergy.srcomunicaciones.net\/wp-content\/uploads\/2025\/09\/carr4-80.jpg\" alt=\"\" \/>\t\t\t\n\t\t\t<img decoding=\"async\" loading=\"false\" src=\"https:\/\/smartenergy.srcomunicaciones.net\/wp-content\/uploads\/2025\/09\/smart3.jpg\" alt=\"\" \/>\t\t\t\n\t\t\t<img decoding=\"async\" loading=\"false\" src=\"https:\/\/smartenergy.srcomunicaciones.net\/wp-content\/uploads\/2025\/09\/506052551_1294268712705575_2161651412256493739_n.jpg\" alt=\"\" \/>\t\t\t\n\t\t\t<img decoding=\"async\" loading=\"false\" src=\"https:\/\/smartenergy.srcomunicaciones.net\/wp-content\/uploads\/2025\/09\/WhatsApp-Image-2025-09-11-at-17.18.50-3.jpeg\" alt=\"\" \/>\t\t\t\n\t\t\t<img decoding=\"async\" loading=\"false\" src=\"https:\/\/smartenergy.srcomunicaciones.net\/wp-content\/uploads\/2025\/09\/WhatsApp-Image-2025-09-11-at-17.18.52-1.jpeg\" alt=\"\" \/>\t\t\t\n\t\t\t<img decoding=\"async\" loading=\"false\" src=\"https:\/\/smartenergy.srcomunicaciones.net\/wp-content\/uploads\/2025\/09\/WhatsApp-Image-2025-09-11-at-17.18.54.jpeg\" alt=\"\" \/>\t\t\t\n\t\t\t<img decoding=\"async\" loading=\"false\" src=\"https:\/\/smartenergy.srcomunicaciones.net\/wp-content\/uploads\/2025\/09\/WhatsApp-Image-2025-09-11-at-17.18.54-1.jpeg\" alt=\"\" \/>\t\t\t\n\t\t\t<img decoding=\"async\" loading=\"false\" src=\"https:\/\/smartenergy.srcomunicaciones.net\/wp-content\/uploads\/2025\/09\/WhatsApp-Image-2025-09-11-at-17.18.54-2.jpeg\" alt=\"\" \/>\t\t\t\n\t\t\t<img decoding=\"async\" loading=\"false\" src=\"https:\/\/smartenergy.srcomunicaciones.net\/wp-content\/uploads\/2025\/09\/WhatsApp-Image-2025-09-11-at-17.18.52.jpeg\" alt=\"\" \/>\t\t\t\n\t\t\t<a href=\"http:\/\/wa.me\/+593990858994\" target=\"_blank\" rel=\"noopener\">\n\t\t\t\t\t\tCont\u00e1ctanos\n\t\t\t\t\t<\/a>\n<h1  data-animation-delay=\"0\" data-animation-duration=\"1\">\n\t\t\tServicios de Consultor\u00eda\t<\/h1>\n\t<p>En Smart Energy ofrecemos servicios de consultor\u00eda t\u00e9cnica y profesional, orientados a empresas, instituciones y organizaciones que requieren soluciones efectivas en el campo de la ingenier\u00eda, administraci\u00f3n y salud.<\/p>\n<p>Nuestra metodolog\u00eda combina el conocimiento acad\u00e9mico con la experiencia pr\u00e1ctica, garantizando resultados medibles y sostenibles.<\/p>\n<h4>\n\t\t\tConsultor\u00eda en Ingenier\u00eda y Energ\u00eda\t<\/h4>\n\t<ul>\n<li>Evaluaci\u00f3n de sistemas el\u00e9ctricos e industriales.<\/li>\n<li>Asesor\u00eda en eficiencia energ\u00e9tica y energ\u00edas renovables.<\/li>\n<li>Dise\u00f1o, mantenimiento y diagn\u00f3stico de equipos el\u00e9ctricos (transformadores, generadores, grupos electr\u00f3genos).<\/li>\n<li>Seguridad industrial y prevenci\u00f3n de riesgos laborales.<\/li>\n<\/ul>\n<h4>\n\t\t\tConsultor\u00eda en Administraci\u00f3n y Gesti\u00f3n\t<\/h4>\n\t<ul>\n<li>Desarrollo organizacional y gesti\u00f3n del talento humano.<\/li>\n<li>Optimizaci\u00f3n de procesos productivos y administrativos.<\/li>\n<li>Planificaci\u00f3n estrat\u00e9gica y modelos de gesti\u00f3n empresarial.<\/li>\n<li>Implementaci\u00f3n de metodolog\u00edas de mejora continua (Lean, Kaizen, ISO).<\/li>\n<\/ul>\n<h4>\n\t\t\tConsultor\u00eda en Salud y Bienestar\t<\/h4>\n\t<ul>\n<li>Programas de capacitaci\u00f3n y certificaci\u00f3n para personal de salud.<\/li>\n<li>Protocolos de bioseguridad y administraci\u00f3n segura de medicamentos.<\/li>\n<li>Seguridad ocupacional y salud en el trabajo.<\/li>\n<li>Asesor\u00eda en implementaci\u00f3n de normativas de salud laboral.<\/li>\n<\/ul>\n\t\t\t<a href=\"http:\/\/wa.me\/+593990858994\" target=\"_blank\" rel=\"noopener\">\n\t\t\t\t\t\t\tSolicita una Consultor\u00eda\n\t\t\t\t\t<\/a>\n\t\t\t\t<img decoding=\"async\" src=\"https:\/\/smartenergy.srcomunicaciones.net\/wp-content\/uploads\/2025\/09\/electrogenos.jpg\" alt=\"electrogenos\" itemprop=\"image\" height=\"800\" width=\"600\" title=\"electrogenos\" onerror=\"this.style.display='none'\" loading=\"lazy\" \/>\n<h2>\n\t\t\tContacto\t<\/h2>\n\t<div class=\"forminator-ui forminator-custom-form forminator-custom-form-201 forminator-design--material  forminator_ajax\" data-forminator-render=\"0\" data-form=\"forminator-module-201\" data-uid=\"69fbb63e7943f\"><br\/><\/div><form\n\t\t\t\tid=\"forminator-module-201\"\n\t\t\t\tclass=\"forminator-ui forminator-custom-form forminator-custom-form-201 forminator-design--material  forminator_ajax\"\n\t\t\t\tmethod=\"post\"\n\t\t\t\tdata-forminator-render=\"0\"\n\t\t\t\tdata-form-id=\"201\"\n\t\t\t\t\n\t\t\t\tdata-design=\"material\"\n\t\t\t\tdata-color-option=\"theme\"\n\t\t\t\t\n\t\t\t\t\n\t\t\t\t\n\t\t\t\tdata-grid=\"open\"\n\t\t\t\t\n\t\t\t\t\n\t\t\t\tstyle=\"display: none;\"\n\t\t\t\t\n\t\t\t\tdata-uid=\"69fbb63e7943f\"\n\t\t\t><div role=\"alert\" aria-live=\"polite\" class=\"forminator-response-message forminator-error\" aria-hidden=\"true\"><\/div><div class=\"forminator-row\"><div id=\"name-1\" class=\"forminator-field-name forminator-col forminator-col-12 \"><div class=\"forminator-field\"><label for=\"forminator-field-name-1_69fbb63e7943f\" id=\"forminator-field-name-1_69fbb63e7943f-label\" class=\"forminator-label\">Nombre <span class=\"forminator-required\">*<\/span><\/label><input type=\"text\" name=\"name-1\" value=\"\" placeholder=\"\" id=\"forminator-field-name-1_69fbb63e7943f\" class=\"forminator-input forminator-name--field\" aria-required=\"true\" \/><\/div><\/div><\/div><div class=\"forminator-row\"><div id=\"email-1\" class=\"forminator-field-email forminator-col forminator-col-12 \"><div class=\"forminator-field\"><label for=\"forminator-field-email-1_69fbb63e7943f\" id=\"forminator-field-email-1_69fbb63e7943f-label\" class=\"forminator-label\">Correo electr\u00f3nico <span class=\"forminator-required\">*<\/span><\/label><input type=\"email\" name=\"email-1\" value=\"\" placeholder=\"\" id=\"forminator-field-email-1_69fbb63e7943f\" class=\"forminator-input forminator-email--field\" data-required=\"true\" aria-required=\"true\" \/><\/div><\/div><\/div><div class=\"forminator-row\"><div id=\"name-2\" class=\"forminator-field-name forminator-col forminator-col-6 \"><div class=\"forminator-field\"><label for=\"forminator-field-name-2_69fbb63e7943f\" id=\"forminator-field-name-2_69fbb63e7943f-label\" class=\"forminator-label\">Empresa<\/label><input type=\"text\" name=\"name-2\" value=\"\" placeholder=\"\" id=\"forminator-field-name-2_69fbb63e7943f\" class=\"forminator-input forminator-name--field\" aria-required=\"false\" \/><\/div><\/div><div id=\"name-3\" class=\"forminator-field-name forminator-col forminator-col-6 \"><div class=\"forminator-field\"><label for=\"forminator-field-name-3_69fbb63e7943f\" id=\"forminator-field-name-3_69fbb63e7943f-label\" class=\"forminator-label\">Sector<\/label><input type=\"text\" name=\"name-3\" value=\"\" placeholder=\"\" id=\"forminator-field-name-3_69fbb63e7943f\" class=\"forminator-input forminator-name--field\" aria-required=\"false\" \/><\/div><\/div><\/div><div class=\"forminator-row\"><div id=\"phone-1\" class=\"forminator-field-phone forminator-col forminator-col-12 \"><div class=\"forminator-field\"><label for=\"forminator-field-phone-1_69fbb63e7943f\" id=\"forminator-field-phone-1_69fbb63e7943f-label\" class=\"forminator-label\">N\u00famero de tel\u00e9fono<\/label><input type=\"text\" name=\"phone-1\" value=\"\" placeholder=\"\" id=\"forminator-field-phone-1_69fbb63e7943f\" class=\"forminator-input forminator-field--phone\" data-required=\"\" aria-required=\"false\" autocomplete=\"off\" \/><\/div><\/div><\/div><div class=\"forminator-row\"><div id=\"textarea-1\" class=\"forminator-field-textarea forminator-col forminator-col-12 \"><div class=\"forminator-field\"><label for=\"forminator-field-textarea-1_69fbb63e7943f\" id=\"forminator-field-textarea-1_69fbb63e7943f-label\" class=\"forminator-label\">Necesidad espec\u00edfica <span class=\"forminator-required\">*<\/span><\/label><span id=\"forminator-field-textarea-1_69fbb63e7943f-description\" class=\"forminator-description\"><span data-limit=\"180\" data-type=\"characters\" data-editor=\"\">0 \/ 180<\/span><\/span><textarea name=\"textarea-1\" placeholder=\"\" id=\"forminator-field-textarea-1_69fbb63e7943f\" class=\"forminator-textarea\" rows=\"6\" style=\"min-height:140px;\" maxlength=\"180\" ><\/textarea><\/div><\/div><\/div><input type=\"hidden\" name=\"referer_url\" value=\"\" \/><div class=\"forminator-row forminator-row-last\"><div class=\"forminator-col\"><div class=\"forminator-field\"><button class=\"forminator-button forminator-button-submit\"><span>Enviar<\/span><span aria-hidden=\"true\"><\/span><\/button><\/div><\/div><\/div><input type=\"hidden\" id=\"forminator_nonce\" name=\"forminator_nonce\" value=\"fc6a82aab1\" \/><input type=\"hidden\" name=\"_wp_http_referer\" value=\"\/index.php\/wp-json\/wp\/v2\/pages\/22\" \/><input type=\"hidden\" name=\"form_id\" value=\"201\"><input type=\"hidden\" name=\"page_id\" value=\"22\"><input type=\"hidden\" name=\"form_type\" value=\"default\"><input type=\"hidden\" name=\"current_url\" value=\"https:\/\/smartenergy.srcomunicaciones.net\/\"><input type=\"hidden\" name=\"render_id\" value=\"0\"><input type=\"hidden\" name=\"action\" value=\"forminator_submit_form_custom-forms\"><\/form>\n\t<blockquote cite=\"https:\/\/www.tiktok.com\/@smart.energy5\" data-unique-id=\"smart.energy5\" data-embed-type=\"creator\"> <section> <a target=\"_blank\" href=\"https:\/\/www.tiktok.com\/@smart.energy5?refer=creator_embed\">@smart.energy5<\/a> <\/section> <\/blockquote> \n\t<iframe src=\"https:\/\/www.google.com\/maps\/embed?pb=!1m17!1m12!1m3!1d3989.791887644913!2d-78.49424362503542!3d-0.20856049978938493!2m3!1f0!2f0!3f0!3m2!1i1024!2i768!4f13.1!3m2!1m1!2zMMKwMTInMzAuOCJTIDc4wrAyOSczMC4wIlc!5e0!3m2!1ses!2sus!4v1758228675670!5m2!1ses!2sus\" width=\"600\" height=\"450\" allowfullscreen=\"\" loading=\"lazy\" referrerpolicy=\"no-referrer-when-downgrade\"><\/iframe>\n\t<iframe src=\"https:\/\/www.google.com\/maps\/embed?pb=!1m17!1m12!1m3!1d3988.892957443135!2d-78.6281547250344!3d-1.2340293987542088!2m3!1f0!2f0!3f0!3m2!1i1024!2i768!4f13.1!3m2!1m1!2zMcKwMTQnMDIuNSJTIDc4wrAzNyczMi4xIlc!5e0!3m2!1ses!2sus!4v1758225708371!5m2!1ses!2sus\" width=\"600\" height=\"450\" allowfullscreen=\"\" loading=\"lazy\" referrerpolicy=\"no-referrer-when-downgrade\"><\/iframe>\n\n","protected":false},"excerpt":{"rendered":"<p>\u00bfPor qu\u00e9 Smart Energy? Cont\u00e1ctanos Servicios de Consultor\u00eda En Smart Energy ofrecemos servicios de consultor\u00eda t\u00e9cnica y profesional, orientados a empresas, instituciones y organizaciones que requieren soluciones efectivas en el campo de la ingenier\u00eda, administraci\u00f3n y salud. Nuestra metodolog\u00eda combina el conocimiento acad\u00e9mico con la experiencia pr\u00e1ctica, garantizando resultados medibles y sostenibles. Consultor\u00eda en Ingenier\u00eda&hellip;<\/p>\n","protected":false},"author":1,"featured_media":0,"parent":0,"menu_order":0,"comment_status":"closed","ping_status":"closed","template":"","meta":{"footnotes":""},"class_list":["post-22","page","type-page","status-publish","hentry"],"_links":{"self":[{"href":"https:\/\/smartenergy.srcomunicaciones.net\/index.php\/wp-json\/wp\/v2\/pages\/22","targetHints":{"allow":["GET"]}}],"collection":[{"href":"https:\/\/smartenergy.srcomunicaciones.net\/index.php\/wp-json\/wp\/v2\/pages"}],"about":[{"href":"https:\/\/smartenergy.srcomunicaciones.net\/index.php\/wp-json\/wp\/v2\/types\/page"}],"author":[{"embeddable":true,"href":"https:\/\/smartenergy.srcomunicaciones.net\/index.php\/wp-json\/wp\/v2\/users\/1"}],"replies":[{"embeddable":true,"href":"https:\/\/smartenergy.srcomunicaciones.net\/index.php\/wp-json\/wp\/v2\/comments?post=22"}],"version-history":[{"count":47,"href":"https:\/\/smartenergy.srcomunicaciones.net\/index.php\/wp-json\/wp\/v2\/pages\/22\/revisions"}],"predecessor-version":[{"id":293,"href":"https:\/\/smartenergy.srcomunicaciones.net\/index.php\/wp-json\/wp\/v2\/pages\/22\/revisions\/293"}],"wp:attachment":[{"href":"https:\/\/smartenergy.srcomunicaciones.net\/index.php\/wp-json\/wp\/v2\/media?parent=22"}],"curies":[{"name":"wp","href":"https:\/\/api.w.org\/{rel}","templated":true}]}}